-72)). Suppose i = -3*p + 92 + u, 314 = 3*i + p. List the prime factors of i.
103
Let i(w) = 1314*w + 2059. List the prime factors of i(47).
13, 4909
Let d = 84399 - 53109. What are the prime factors of d?
2, 3, 5, 7, 149
Let s(d) = 87*d + 96. Let l(o) = -174*o - 191. Let u(q) = 3*l(q) + 5*s(q). What are the prime factors of u(-9)?
2, 3, 5, 23
Suppose -2*k - k = -5*u - 46, 5*k + 5*u = 50. List the prime factors of (-6288)/64*(-64)/k.
2, 131
Let r = 632 + -654. List the prime factors of r/(2/3 - 52/75).
3, 5, 11
Let t(k) = k**2 - k - 25. Let d = -2 + 24. Suppose -5*b + 7*b = d. What are the prime factors of t(b)?
5, 17
Suppose -5*y = -u - 37, -5*u + 3*y = 52 + 23. Suppose p = 3*w - 53, 0 = 6*p - p + 2*w + 231. Let z = u - p. What are the prime factors of z?
5, 7
Let n(x) = 21*x - 27. Let f(b) = 11*b - 13. Let d(h) = -13*f(h) + 6*n(h). Let s be d(2). What are the prime factors of (-54)/(((-1)/(-6))/(6/s))?
2, 3
Let n = 397 - 739. Let j be 1 + 0 - (n + 0). Suppose j = 5*q + 88. What are the prime factors of q?
3, 17
Let v(i) = 3*i - 52. Let c be v(18). List the prime factors of c/(-5)*5 - -666.
2, 83
Let h(t) = 2*t**2 + 13*t + 50. Let n = -96 - -82. List the prime factors of h(n).
2, 5, 13
Suppose -18*l - 38*l = -12*l + 3828. Suppose 100 + 78 = -4*b + 2*d, -1 = d. Let n = b - l. List the prime factors of n.
2, 3, 7
Let b = -2042 + 9972. List the prime factors of b.
2, 5, 13, 61
Suppose 0 = 105*k - 1192482 + 171042. What are the prime factors of k?
2, 19
Let f be ((-2)/(-3))/(20/270). Let a(p) = 5*p**2 + 9*p - 10. Let y(l) = -3*l**2 - 6*l + 7. Let s(o) = 5*a(o) + 8*y(o). List the prime factors of s(f).
2, 3, 5
Let u(k) be the first derivative of 2*k**3/3 - 3*k**2/2 + 81*k - 82. List the prime factors of u(13).
2, 5, 19
Let q(m) be the third derivative of m**5/12 - 3*m**4/8 + m**3/6 - 4*m**2 + 7. List the prime factors of q(-5).
3, 19
Let v(o) = 3*o + 28. Let p be v(-11). List the prime factors of 1*((-20)/p - -225).
229
What are the prime factors of 0 + -5 + 497744/13?
3, 7, 1823
Suppose -4380 = -54*m + 28*m + 23*m. List the prime factors of m.
2, 5, 73
Let x be ((-16)/20)/((-2)/5) - -11. Let r be (x - 10) + 0/2. Suppose -3*g - 3*p + 520 = -8, r*g + p = 526. List the prime factors of g.
5, 7
Let i = 151 + -148. Let u(b) = -14*b**2 - 16*b**2 + 3*b - b - 5 + i*b**3 + 19*b**2. List the prime factors of u(6).
7, 37
Suppose -2*l = 2*k - 5*k + 8, 0 = 5*k + 2*l - 40. Let x be ((-20)/8 + 1)/(k/8). What are the prime factors of (-1)/x - (-2 - (-55)/(-2))?
2, 3, 5
Let n = -77 - -86. Suppose -7*y = -n*y + 144. What are the prime factors of 1/(-8) - (-4257)/y?
59
Let o(i) be the second derivative of 88*i**3 - 5*i**2 + 5*i - 1. What are the prime factors of o(1)?
2, 7, 37
List the prime factors of ((-748907)/(-146))/(1/2).
10259
Let k be (-51)/(-9)*-4*(-21)/(-14). Let q be -1*2/(-12) - k/12. Suppose -3*b = -5*s + b + 576, -113 = -s + q*b. List the prime factors of s.
2, 29
Let l(u) = 3*u + 63. Suppose -3*n - 2*r + 71 = -6*r, 3*n - 69 = 3*r. Suppose 2*k - 3*k + n = 0. What are the prime factors of l(k)?
2, 3, 7
Let d be 12/(-14) + (-270)/(-70). Suppose -4*n + n - 5*j = -307, n + d*j = 105. What are the prime factors of n?
3, 11
What are the prime factors of ((2*(-166)/16)/1)/(444/(-360528))?
7, 29, 83
Suppose 14*v - 120210 = -22938. What are the prime factors of v?
2, 3, 193
Let d(h) = 6282*h + 4027. List the prime factors of d(7).
23, 2087
Let g(o) = 30*o**2 - 2*o. Let t be g(-1). Suppose x + 3*i = 0, -3*i + 0 = 3. Suppose 0 = x*y - p - 130, -2*y = p - 53 - t. List the prime factors of y.
43
What are the prime factors of 1/(203290/(-11294) - -18)?
5647
Let o(j) = -108*j**3 - 2*j**2 - 17*j - 8. List the prime factors of o(-3).
17, 173
Suppose 5*t - 2826 = 2*c + 36624, -c - 7887 = -t. List the prime factors of t.
2, 1973
Suppose -5952 = -6*q - 1374. Let v = q + 256. List the prime factors of v.
1019
Let f(h) = 65*h**2 + 22*h + 454. List the prime factors of f(-16).
2, 11, 761
Let y(x) = x**2 - 12*x + 15. Let r = 9 + 2. Let o be y(r). Suppose -2*c + 4*v + 152 = 0, -o*v + 176 = 2*c - 0*c. What are the prime factors of c?
2, 41
Let p(q) = 5*q**2 - 80*q + 4. Let v be p(16). Suppose 2*l + 576 = 2*w, -w - v*w - 2*l = -1412. What are the prime factors of w?
2, 71
What are the prime factors of 27/(1620/80)*-6*4435/(-4)?
2, 5, 887
Let w(f) = 132*f**2 + 319*f - 8009. List the prime factors of w(23).
2, 3, 17, 113
Let n be (-10)/(-3) + 24/36. Suppose 2*p = s + 431 + 792, -2*p + n*s = -1226. What are the prime factors of p?
13, 47
Let j be (-4)/24 + (-14)/(-12). Let f = j - 2. Let t = 9 - f. What are the prime factors of t?
2, 5
Let i(j) = -j**2 - 11*j + 65. Let d be i(10). List the prime factors of (1 - d/(-15))*-24.
2, 13
Suppose 5*q + 5*p - 4 - 116 = 0, -5*p = -4*q + 69. Let x = q - 17. Suppose x*j = -2*j + 828. List the prime factors of j.
2, 3, 23
Let v(m) be the first derivative of -m**4/4 - 5*m**3 + 11*m**2/2 + 27*m - 61. What are the prime factors of v(-17)?
2, 11, 19
Suppose 192599 = 17*g - 229545. What are the prime factors of g?
2, 97
Let g = 2692 + 318. What are the prime factors of g?
2, 5, 7, 43
Let h be 5660/15*6/(-4). Let r = h - -1062. What are the prime factors of r/(-40)*15/(-6)?
31
Let a(l) be the first derivative of 20*l**3/3 - l**2 + 2*l + 11. Let n be a(1). Suppose 4*p - 96 = -4*v, -v + n = -0*v + 3*p. What are the prime factors of v?
2, 13
Suppose 2*h = -4, -3*h + 9 = 3*b + 2*b. Let x be (1 - 1)/(1 - b). Suppose -2*z - 2*p = -7*z + 188, -p + 1 = x. What are the prime factors of z?
2, 19
Let r = -10041 + 21833. What are the prime factors of r?
2, 11, 67
Suppose 3*k + 3*w - 1312 = 16247, -2*k + 11704 = 4*w. What are the prime factors of k?
2, 2927
Suppose -16*y + 10427 = -9817 - 8988. What are the prime factors of y?
3, 7, 29
Let o(v) = -v**2 - 5*v - 1. Let n be o(-5). Let x be n/2*0/(-1). Suppose -5*f + 0*u = u - 64, x = -2*f + 2*u + 28. What are the prime factors of f?
13
Let n(r) be the second derivative of -310*r**3/3 - 39*r**2/2 - 110*r + 2. List the prime factors of n(-2).
1201
Let p(f) be the second derivative of -13*f**3/6 - 83*f**2/2 + 2*f - 20. What are the prime factors of p(-43)?
2, 7, 17
Let x(g) = 7*g + 5. Let z be x(0). Suppose -y - 2 = 3*w - z*y, 3*w + 2*y + 8 = 0. What are the prime factors of (-592)/(-3) - w/3?
2, 3, 11
Let n(w) = -10*w + 33. Let o be n(3). Suppose 2*v + z = 407, -o*v + 588 = -0*z - 3*z. List the prime factors of v.
3, 67
Let u(s) = 28*s**3 + s**2 - 2. Let k be u(-2). Let d = k + 585. Suppose -3*j = -4*t + d, -t - 2*j = -0*t - 77. What are the prime factors of t?
3, 29
Let p = -131 + 133. Let x be ((-39)/(-4))/(p/8). Suppose 0 = 36*h - x*h + 93. What are the prime factors of h?
31
Let x(s) = -11*s**2 + 28*s - 19. Let l be x(13). Let z = -651 - l. What are the prime factors of z?
863
Suppose -24*g = -36179 - 15670 - 33015. List the prime factors of g.
2, 13, 17
Suppose -8*y + 4*y = -1476. Suppose -5*w - 1195 = z, 13*z + 15 = 16*z. Let u = y + w. What are the prime factors of u?
3, 43
Let w(v) = -2*v - 3. Let c be w(-3). Suppose 3 = -4*s + m, -2*s - c*m - 2 - 3 = 0. List the prime factors of -2*(s/5 - (-23)/(-10)).
5
What are the prime factors of (-150)/(-50)*114636/18?
2, 41, 233
Let k = 172 + -169. Suppose 9*p - 6*p - 5505 = -k*z, 2*p - 3655 = -5*z. What are the prime factors of p?
2, 5, 23
Let t = 355 + 1268. What are the prime factors of t?
3, 541
Suppose -54*x = -105380 - 338462 - 338294. What are the prime factors of x?
2, 3, 17, 71
Let x(j) = 15 - j**2 - 30*j**3 + 14*j**3 + 12*j + 15*j**3. List the prime factors of x(-5).
5, 11
Let n = 413 + -418. Let k(r) be the second derivative of r**4/4 + 7*r**3/6 + r**2 + r. What are the prime factors of k(n)?
2, 3, 7
Suppose 151*f + 2101155 - 3041273 = 3424386. What are the prime factors of f?
2, 3613
Suppose -15255 = -5*m + 2*m + 5*k, -4*m = 5*k - 20340. What are the prime factors of m?
3, 5, 113
Let s(m) = 6*m**2 + 8*m - 1. Let g be 3/((-30)/(-28)) + (-96)/120. Suppose -4 = x - g*d, d = 2*x + 4 + 7. List the prime factors of s(x).
167
List the prime factors of (-1*307)/((-1656)/(-120) - 14).
5, 307
Let g(t) = t**3 + 9*t**2 - t - 8. Let b be g(-8). Let u = 66 - b. Suppose -o + 2*k + 93 = 0, 23 - 520 = -5*o + u*k. List the prime factors of o.
101
Suppose -l = 2*f - 342